 factor of 72 and t.
9
Let a = 198 + 717. Calculate the greatest common factor of 30 and a.
15
Let w = -149 - -149. Suppose 5*i - 5*n - 60 = w, -3*n - 36 = -3*i - 6*n. Let k(m) = -m**2 + 7*m. Let r be k(6). What is the highest common divisor of i and r?
6
Let w = 81 - -108. What is the highest common factor of w and 14?
7
Let k(h) = 19*h + 69. Let l be k(6). What is the greatest common factor of 6 and l?
3
Let b(k) = -98*k + 39. Let f be b(-2). What is the greatest common factor of f and 47?
47
Suppose -g + 3*k + 6 = -23, -152 = -3*g - 4*k. Calculate the greatest common factor of g and 99.
11
Let h be (8/14)/((-80)/(-280)). Calculate the highest common factor of h and 26.
2
Let n(r) = 17*r - 5. Let s be n(4). Let p = 93 - s. Let c(j) = j**3 - 19*j**2 - 20*j + 10. Let o be c(20). What is the greatest common factor of o and p?
10
Let a(z) = -z + 27. Let t = 13 - 24. Let b be a(t). Let y(r) = 19*r**2 + r + 1. Let x be y(-1). Calculate the highest common divisor of b and x.
19
Let a be (-4)/(-6)*(-54)/12. Let r = 118 - a. What is the highest common factor of 11 and r?
11
Let t(q) = q - 3. Let n(v) = 5*v - 11. Let c(m) = -2*n(m) + 9*t(m). Let b be c(-7). Calculate the greatest common divisor of b and 10.
2
Suppose 0 = -o - 4*q + 2*q + 96, 456 = 5*o - 2*q. What is the greatest common divisor of 2668 and o?
92
Let b be (6/8)/(-2 - 45/(-24)). Let d be (-4)/b - 312/(-72). What is the greatest common divisor of 5 and d?
5
Let f(d) be the second derivative of d**4/12 - d**3/2 - 2*d**2 - 2*d. Let o be f(3). Let c = o + 5. Calculate the highest common divisor of 2 and c.
1
Let b be 112/(-12)*(-12)/7 + 5. Suppose -5*c + 84 + b = 0. Suppose 0 = -a + 3*v + 237, -2*v - 2*v = 8. Calculate the highest common factor of c and a.
21
Let s = -29 + 31. Suppose 12 = -s*h + 96. Calculate the highest common divisor of 63 and h.
21
Suppose 4*w = 10*w - 42. Calculate the highest common divisor of w and 259.
7
Let c = 51 + -25. Let v be 1 + 1 + c + 4. Suppose 5*n - p - 77 = 5, n = p + 18. What is the greatest common factor of v and n?
16
Suppose x - 257 = -4*z + 2*x, 5*x + 25 = 0. Let j = 103 - z. What is the highest common divisor of j and 10?
10
Let i = -18 + 83. Let t = i - 63. What is the highest common divisor of 14 and t?
2
Let y(f) = -4*f**2 + 115*f + 49. Let v be y(29). Calculate the highest common divisor of 95 and v.
5
Suppose 2*l - w = 219, 0 = w - 5*w + 20. What is the greatest common factor of l and 16?
16
Let r(j) = -12*j**3 - j**2 - j - 1. Let g be r(-1). Let q be ((-21)/(-2))/((-8)/96). Let s = q - -181. Calculate the greatest common divisor of g and s.
11
Suppose 6*i - 1277 + 407 = 0. Calculate the highest common factor of 10 and i.
5
Let a = -4 + 52. What is the highest common divisor of 120 and a?
24
Suppose 3382 = 4*i - 2*k, 11*i = 14*i + 4*k - 2553. Calculate the highest common divisor of 77 and i.
77
Let l = -52 + 37. Let n be (-2 - 57/l)/((-9)/(-30)). What is the highest common factor of 42 and n?
6
Let h be (132/(-18))/((-2)/3). Let d(o) = 3*o - 9. Let q be d(h). Calculate the highest common divisor of q and 12.
12
Suppose -y - 27 = -2*u, 4*u + 5*y = -19 + 94. Calculate the greatest common divisor of u and 30.
15
Suppose -j + 4*b = -102, 0 = 2*b + 1 - 7. Calculate the highest common factor of 12 and j.
6
Let t = 302 - -249. Calculate the highest common divisor of t and 19.
19
Let u be ((-24)/(-9))/(2/3). Let y be 934/8 + 1/u. Calculate the greatest common factor of y and 9.
9
Suppose 3*g + 6 - 24 = 0. Let s = 27 + -26. Let h be (12 + -13)/(s*2/(-6)). What is the highest common divisor of h and g?
3
Suppose 0 = 1779*a - 1764*a - 16170. What is the greatest common factor of a and 11?
11
Let i(o) = 0 - 2 + 13*o - 2 - 10*o. Let u be i(2). Calculate the greatest common factor of u and 12.
2
Let u(c) = c**2 - 13*c + 4. Let r be u(13). Suppose r*x - 7 = -23. Let j be (-2)/x + 2/4. Calculate the greatest common factor of j and 1.
1
Let g(p) = p**2 - 6*p - 6. Let a be g(7). Let l(s) = -s**3 - 5*s**2 - 2*s - 11. Let v be l(-5). Let h = 9 + v. What is the highest common factor of a and h?
1
Suppose 27 - 78 = 3*q. Let v = q - -24. Calculate the highest common divisor of v and 1.
1
Let v(q) = -11*q + 753. Let p be v(30). What is the highest common factor of p and 1128?
141
Let u(d) = 2*d**2 - d - 11. Suppose 14 = 2*q + j, -2*q + 0 + 4 = -4*j. Let k be u(q). What is the greatest common divisor of 55 and k?
55
Let m be (-2 - -2) + 2 - -22. Let g(r) = -r + 4. Let x be g(4). Suppose 14*a - 1229 - 1459 = x. What is the highest common divisor of m and a?
24
Suppose 4778 = 28*s - 3034. What is the greatest common factor of 27 and s?
9
Suppose 3*h - 683 + 203 = 0. Suppose 7 + 13 = a. Calculate the highest common factor of a and h.
20
Suppose -4*p - 13*m + 11*m = -1052, -3*m = -4*p + 1062. Calculate the highest common divisor of p and 24.
24
Let a = 1528 + -472. Calculate the greatest common factor of 33 and a.
33
Suppose 4*y - 23 = a - 2, 5*a = -y - 42. Let t = a - -12. Suppose 4*f + 10 = 3*f + 4*h, -5*f + 14 = -4*h. Calculate the greatest common factor of f and t.
3
Let a be (-8)/(-20)*-2*-60. Suppose 4*g - 3 - 48 = -r, a = 2*g - 4*r. Let o be 34/5 + (-15)/(-75). Calculate the highest common factor of g and o.
7
Let s = -446 + 460. Calculate the highest common factor of s and 224.
14
Let o(i) = 2*i - 8. Let v be 3/6*8 + 7. Let j be o(v). Suppose 0 = 3*l - 3*s - 13 - j, 19 = l + 4*s. What is the highest common factor of 22 and l?
11
Let v be 7/(14/(-4) + 4). What is the highest common divisor of v and 91?
7
Let x be 6/1 + -4 + 3/1. Suppose -3*p + 2*h + 39 = 0, x*p - 75 = -5*h + 15. Suppose -480 = w - 5*w. What is the greatest common divisor of p and w?
15
Let r be 1 - (-1 + 2 - -2). Suppose 0 = -2*s + 4, 0 = 3*y + 4*s - 134. Let u = y - r. Calculate the greatest common divisor of 11 and u.
11
Let z(i) = i**2 - 8*i - 22. Suppose -2*w - 3*h = -7, 3*h = 2*w + h - 32. Let g be z(w). Calculate the greatest common divisor of g and 44.
11
Let l(c) = 7*c**3 + 5*c**2 - 16*c + 18. Let q be l(2). What is the greatest common factor of q and 1984?
62
Let i = 3 + 1. Let g = 0 + i. Let k = 16097 + -16069. What is the greatest common divisor of k and g?
4
Let y(q) = q + 16. Let f be y(-4). Let z be 699/12 - 2 - 3/f. Suppose -g + j + 17 = -1, 3*g - j - 46 = 0. Calculate the greatest common divisor of z and g.
14
Let f = 74 - 73. Let w be f - (2/(-10) - (-87)/(-15)). What is the greatest common factor of w and 21?
7
Let j be 1354/10 + (-2)/5. Let c = 2 + 17. Suppose u = -f + 2*u + c, 0 = -u - 4. What is the greatest common factor of j and f?
15
Let v be 84*((-6)/(-8))/((-6)/(-38)). What is the greatest common factor of 21 and v?
21
Let t = 308 - -21. Calculate the greatest common divisor of t and 28.
7
Let n = -74 - -81. Let h be 8*((-84)/(-8))/n*1. What is the highest common divisor of h and 42?
6
Let d = -151 + 286. What is the greatest common divisor of 108 and d?
27
Suppose -4*d - 18 = -58. Suppose d*g - 245 = 5*g. What is the greatest common factor of 98 and g?
49
Suppose -2*b = -w + 120, 140 = 5*w + 3*b - 408. Suppose o = 60 - 32. Suppose o = 18*f - 16*f. What is the highest common divisor of f and w?
14
Let c = -12 - -16. Let p be 13 - -6 - (-4)/c. What is the greatest common factor of p and 5?
5
Let h = 31 - 27. Let d be 1/2 - 2862/(-4). Suppose 5*c - d = -v, -576 = -h*c - 0*c - 4*v. Calculate the greatest common factor of c and 13.
13
Let j = -30 + 30. Suppose -4*c + 3*c + 12 = j. Suppose o = 3*o - 168. What is the highest common divisor of c and o?
12
Suppose 2*a - g = 4*a + 1, 0 = -3*g - 3. Let j = 17 + a. Let s = 24 - j. Calculate the greatest common factor of s and 14.
7
Let t be (-5)/40 - 31702/(-176). Calculate the highest common factor of 220 and t.
20
Let f = 268 - 259. What is the highest common divisor of f and 18?
9
Let d(j) = -40 - 23*j + 18*j - 33. Let v be d(-17). What is the greatest common divisor of v and 6?
6
Let b be 2 - (-3 - -1 - 59). Let v = -439 + 448. What is the greatest common divisor of b and v?
9
Let u be (-4 - -7)*468/27. Calculate the highest common factor of u and 91.
13
Let t(x) = x**2 - 2*x + 1. Let m be t(-2). Let f = -889 - -898. What is the greatest common divisor of f and m?
9
Let z be (1/12*-10)/(1/(-6)). Suppose z*i = -p + 67, 3*p + 57